[INFO] cloning repository https://github.com/MetaMuffin/betascript
[INFO] running `Command { std: "git" "-c" "credential.helper=" "-c" "credential.helper=/workspace/cargo-home/bin/git-credential-null" "clone" "--bare" "https://github.com/MetaMuffin/betascript" "/workspace/cache/git-repos/https%3A%2F%2Fgithub.com%2FMetaMuffin%2Fbetascript", kill_on_drop: false }`
[INFO] [stderr] Cloning into bare repository '/workspace/cache/git-repos/https%3A%2F%2Fgithub.com%2FMetaMuffin%2Fbetascript'...
[INFO] running `Command { std: "git" "rev-parse" "HEAD", kill_on_drop: false }`
[INFO] [stdout] df7bcabc1bd13a06701a46859f7b0c40e43c8bc3
[INFO] checking MetaMuffin/betascript against master#e6e4f7ed1589e03bc2f6c5931c1a72e7947e8682 for beta-170-4
[INFO] running `Command { std: "git" "clone" "/workspace/cache/git-repos/https%3A%2F%2Fgithub.com%2FMetaMuffin%2Fbetascript" "/workspace/builds/worker-6-tc2/source", kill_on_drop: false }`
[INFO] [stderr] Cloning into '/workspace/builds/worker-6-tc2/source'...
[INFO] [stderr] done.
[INFO] validating manifest of git repo https://github.com/MetaMuffin/betascript on toolchain e6e4f7ed1589e03bc2f6c5931c1a72e7947e8682
[INFO] running `Command { std: CARGO_HOME="/workspace/cargo-home" RUSTUP_HOME="/workspace/rustup-home" "/workspace/cargo-home/bin/cargo" "+e6e4f7ed1589e03bc2f6c5931c1a72e7947e8682" "metadata" "--manifest-path" "Cargo.toml" "--no-deps", kill_on_drop: false }`
[INFO] started tweaking git repo https://github.com/MetaMuffin/betascript
[INFO] finished tweaking git repo https://github.com/MetaMuffin/betascript
[INFO] tweaked toml for git repo https://github.com/MetaMuffin/betascript written to /workspace/builds/worker-6-tc2/source/Cargo.toml
[INFO] crate git repo https://github.com/MetaMuffin/betascript already has a lockfile, it will not be regenerated
[INFO] running `Command { std: CARGO_HOME="/workspace/cargo-home" RUSTUP_HOME="/workspace/rustup-home" "/workspace/cargo-home/bin/cargo" "+e6e4f7ed1589e03bc2f6c5931c1a72e7947e8682" "fetch" "--manifest-path" "Cargo.toml", kill_on_drop: false }`
[INFO] running `Command { std: "docker" "create" "-v" "/var/lib/crater-agent-workspace/builds/worker-6-tc2/target:/opt/rustwide/target:rw,Z" "-v" "/var/lib/crater-agent-workspace/builds/worker-6-tc2/source:/opt/rustwide/workdir:ro,Z" "-v" "/var/lib/crater-agent-workspace/cargo-home:/opt/rustwide/cargo-home:ro,Z" "-v" "/var/lib/crater-agent-workspace/rustup-home:/opt/rustwide/rustup-home:ro,Z" "-e" "SOURCE_DIR=/opt/rustwide/workdir" "-e" "CARGO_TARGET_DIR=/opt/rustwide/target" "-e" "CARGO_HOME=/opt/rustwide/cargo-home" "-e" "RUSTUP_HOME=/opt/rustwide/rustup-home" "-w" "/opt/rustwide/workdir" "-m" "1610612736" "--user" "0:0" "--network" "none" "ghcr.io/rust-lang/crates-build-env/linux@sha256:19e73879b68f455e41552ea35293514db52ea292d993f571636dbffedb77a1ee" "/opt/rustwide/cargo-home/bin/cargo" "+e6e4f7ed1589e03bc2f6c5931c1a72e7947e8682" "metadata" "--no-deps" "--format-version=1", kill_on_drop: false }`
[INFO] [stdout] 3fc7d45610d2a66292a204e85099faa539d4cc7948e558e34ed7f3d5059dd180
[INFO] running `Command { std: "docker" "start" "-a" "3fc7d45610d2a66292a204e85099faa539d4cc7948e558e34ed7f3d5059dd180", kill_on_drop: false }`
[INFO] running `Command { std: "docker" "inspect" "3fc7d45610d2a66292a204e85099faa539d4cc7948e558e34ed7f3d5059dd180", kill_on_drop: false }`
[INFO] running `Command { std: "docker" "rm" "-f" "3fc7d45610d2a66292a204e85099faa539d4cc7948e558e34ed7f3d5059dd180", kill_on_drop: false }`
[INFO] [stdout] 3fc7d45610d2a66292a204e85099faa539d4cc7948e558e34ed7f3d5059dd180
[INFO] running `Command { std: "docker" "create" "-v" "/var/lib/crater-agent-workspace/builds/worker-6-tc2/target:/opt/rustwide/target:rw,Z" "-v" "/var/lib/crater-agent-workspace/builds/worker-6-tc2/source:/opt/rustwide/workdir:ro,Z" "-v" "/var/lib/crater-agent-workspace/cargo-home:/opt/rustwide/cargo-home:ro,Z" "-v" "/var/lib/crater-agent-workspace/rustup-home:/opt/rustwide/rustup-home:ro,Z" "-e" "SOURCE_DIR=/opt/rustwide/workdir" "-e" "CARGO_TARGET_DIR=/opt/rustwide/target" "-e" "CARGO_INCREMENTAL=0" "-e" "RUST_BACKTRACE=full" "-e" "RUSTFLAGS=--cap-lints=forbid" "-e" "RUSTDOCFLAGS=--cap-lints=forbid" "-e" "CARGO_HOME=/opt/rustwide/cargo-home" "-e" "RUSTUP_HOME=/opt/rustwide/rustup-home" "-w" "/opt/rustwide/workdir" "-m" "1610612736" "--user" "0:0" "--network" "none" "ghcr.io/rust-lang/crates-build-env/linux@sha256:19e73879b68f455e41552ea35293514db52ea292d993f571636dbffedb77a1ee" "/opt/rustwide/cargo-home/bin/cargo" "+e6e4f7ed1589e03bc2f6c5931c1a72e7947e8682" "check" "--frozen" "--all" "--all-targets" "--message-format=json", kill_on_drop: false }`
[INFO] [stdout] 3a0c32a8bd1228652f6af820d470ccd7f3282f2e4a380c97dd63550476a0339c
[INFO] running `Command { std: "docker" "start" "-a" "3a0c32a8bd1228652f6af820d470ccd7f3282f2e4a380c97dd63550476a0339c", kill_on_drop: false }`
[INFO] [stderr]     Checking ckek v0.1.0 (/opt/rustwide/workdir)
[INFO] [stdout] warning: found module declaration for lib.rs
[INFO] [stdout]  --> src/main.rs:1:1
[INFO] [stdout]   |
[INFO] [stdout] 1 | mod lib;
[INFO] [stdout]   | ^^^^^^^^
[INFO] [stdout]   |
[INFO] [stdout]   = note: lib.rs is the root of this crate's library target
[INFO] [stdout]   = help: to refer to it from other targets, use the library's name as the path
[INFO] [stdout]   = note: `#[warn(special_module_name)]` on by default
[INFO] [stdout] 
[INFO] [stdout] 
[INFO] [stdout] warning: found module declaration for lib.rs
[INFO] [stdout]  --> src/main.rs:1:1
[INFO] [stdout]   |
[INFO] [stdout] 1 | mod lib;
[INFO] [stdout]   | ^^^^^^^^
[INFO] [stdout]   |
[INFO] [stdout]   = note: lib.rs is the root of this crate's library target
[INFO] [stdout]   = help: to refer to it from other targets, use the library's name as the path
[INFO] [stdout]   = note: `#[warn(special_module_name)]` on by default
[INFO] [stdout] 
[INFO] [stdout] 
[INFO] [stdout] error[E0061]: this function takes 3 arguments but 2 arguments were supplied
[INFO] [stdout]   --> src/lib/mod.rs:13:25
[INFO] [stdout]    |
[INFO] [stdout] 13 |             stack: vec![context::Context::new(format!("file:{0}", filename), None)],
[INFO] [stdout]    |                         ^^^^^^^^^^^^^^^^^^^^^                                ---- an argument of type `usize` is missing
[INFO] [stdout]    |
[INFO] [stdout] note: associated function defined here
[INFO] [stdout]   --> src/lib/context.rs:17:12
[INFO] [stdout]    |
[INFO] [stdout] 17 |     pub fn new(name: String, pc: usize, return_pc: Option<usize>) -> Context {
[INFO] [stdout]    |            ^^^ ------------  ---------  ------------------------
[INFO] [stdout] help: provide the argument
[INFO] [stdout]    |
[INFO] [stdout] 13 |             stack: vec![context::Context::new(format!("file:{0}", filename), /* usize */, None)],
[INFO] [stdout]    |                                              ~~~~~~~~~~~~~~~~~~~~~~~~~~~~~~~~~~~~~~~~~~~~~~~~~~
[INFO] [stdout] 
[INFO] [stdout] 
[INFO] [stdout] error[E0061]: this function takes 3 arguments but 2 arguments were supplied
[INFO] [stdout]   --> src/lib/mod.rs:13:25
[INFO] [stdout]    |
[INFO] [stdout] 13 |             stack: vec![context::Context::new(format!("file:{0}", filename), None)],
[INFO] [stdout]    |                         ^^^^^^^^^^^^^^^^^^^^^                                ---- an argument of type `usize` is missing
[INFO] [stdout]    |
[INFO] [stdout] note: associated function defined here
[INFO] [stdout]   --> src/lib/context.rs:17:12
[INFO] [stdout]    |
[INFO] [stdout] 17 |     pub fn new(name: String, pc: usize, return_pc: Option<usize>) -> Context {
[INFO] [stdout]    |            ^^^ ------------  ---------  ------------------------
[INFO] [stdout] help: provide the argument
[INFO] [stdout]    |
[INFO] [stdout] 13 |             stack: vec![context::Context::new(format!("file:{0}", filename), /* usize */, None)],
[INFO] [stdout]    |                                              ~~~~~~~~~~~~~~~~~~~~~~~~~~~~~~~~~~~~~~~~~~~~~~~~~~
[INFO] [stdout] 
[INFO] [stdout] 
[INFO] [stdout] error[E0061]: this method takes 1 argument but 0 arguments were supplied
[INFO] [stdout]   --> src/lib/mod.rs:18:23
[INFO] [stdout]    |
[INFO] [stdout] 18 |         self.stack[0].evaluate();
[INFO] [stdout]    |                       ^^^^^^^^-- an argument of type `&mut Program` is missing
[INFO] [stdout]    |
[INFO] [stdout] note: method defined here
[INFO] [stdout]   --> src/lib/context.rs:26:12
[INFO] [stdout]    |
[INFO] [stdout] 26 |     pub fn evaluate(&mut self, prog: &mut Program) -> Value {
[INFO] [stdout]    |            ^^^^^^^^            ------------------
[INFO] [stdout] help: provide the argument
[INFO] [stdout]    |
[INFO] [stdout] 18 |         self.stack[0].evaluate(/* &mut Program */);
[INFO] [stdout]    |                               ~~~~~~~~~~~~~~~~~~~~
[INFO] [stdout] 
[INFO] [stdout] 
[INFO] [stdout] error[E0061]: this method takes 1 argument but 0 arguments were supplied
[INFO] [stdout]   --> src/lib/mod.rs:18:23
[INFO] [stdout]    |
[INFO] [stdout] 18 |         self.stack[0].evaluate();
[INFO] [stdout]    |                       ^^^^^^^^-- an argument of type `&mut Program` is missing
[INFO] [stdout]    |
[INFO] [stdout] note: method defined here
[INFO] [stdout]   --> src/lib/context.rs:26:12
[INFO] [stdout]    |
[INFO] [stdout] 26 |     pub fn evaluate(&mut self, prog: &mut Program) -> Value {
[INFO] [stdout]    |            ^^^^^^^^            ------------------
[INFO] [stdout] help: provide the argument
[INFO] [stdout]    |
[INFO] [stdout] 18 |         self.stack[0].evaluate(/* &mut Program */);
[INFO] [stdout]    |                               ~~~~~~~~~~~~~~~~~~~~
[INFO] [stdout] 
[INFO] [stdout] 
[INFO] [stdout] error: aborting due to 2 previous errors; 1 warning emitted
[INFO] [stdout] 
[INFO] [stdout] 
[INFO] [stdout] For more information about this error, try `rustc --explain E0061`.
[INFO] [stdout] 
[INFO] [stdout] error: aborting due to 2 previous errors; 1 warning emitted
[INFO] [stdout] 
[INFO] [stdout] 
[INFO] [stdout] For more information about this error, try `rustc --explain E0061`.
[INFO] [stdout] 
[INFO] [stderr] error: could not compile `ckek` (bin "ckek") due to 3 previous errors; 1 warning emitted
[INFO] [stderr] warning: build failed, waiting for other jobs to finish...
[INFO] [stderr] error: could not compile `ckek` (bin "ckek" test) due to 3 previous errors; 1 warning emitted
[INFO] running `Command { std: "docker" "inspect" "3a0c32a8bd1228652f6af820d470ccd7f3282f2e4a380c97dd63550476a0339c", kill_on_drop: false }`
[INFO] running `Command { std: "docker" "rm" "-f" "3a0c32a8bd1228652f6af820d470ccd7f3282f2e4a380c97dd63550476a0339c", kill_on_drop: false }`
[INFO] [stdout] 3a0c32a8bd1228652f6af820d470ccd7f3282f2e4a380c97dd63550476a0339c
